= -5*o, 3*o - 25 = 2*a. Suppose 34 = 2*q - 14. What is the remainder when q is divided by o?
6
Suppose -6*p + 10 = -5*p. Suppose 66 = h - 13*z, -2*h + 3*z + 23 + 17 = 0. Calculate the remainder when h is divided by p.
4
Let m be (-2 + 0)/(4/16). What is the remainder when (-1)/((m/(-148))/(-2)) is divided by 10?
7
Let n = 265 + -252. Calculate the remainder when 18 is divided by n.
5
Suppose 16 = y - 5*w, 2*y - 4*w + 6*w - 20 = 0. What is the remainder when 40 is divided by y?
7
Suppose -25*g + 1017 = 192. Calculate the remainder when 1746 is divided by g.
30
Let u(s) = -15*s + 16 + 24*s - 11*s. Let v be u(0). Let p = 35 - v. What is the remainder when 34 is divided by p?
15
Let u(t) = 12*t - 17. Let h be u(2). Suppose -5*y + 88 = 3*d - h*y, -4*d + 104 = 4*y. Calculate the remainder when 76 is divided by d.
20
Suppose -118 = -2*h - 5*t, 30*h + 127 = 33*h - 5*t. Calculate the remainder when 1028 is divided by h.
48
Let y = -6936 + 6963. Let a = 33 + 16. Calculate the remainder when a is divided by y.
22
Let p be (-994)/(-10) - 8/20. Suppose -3*z + 6*z - p = 0. Let f = z - 23. What is the remainder when 28 is divided by f?
8
Suppose 58*q - 61*q = -30. What is the remainder when 23 is divided by q?
3
Let n = 21 + 35. Suppose -3*u - 87 = -5*v, 5*v - 45 = u + 34. What is the remainder when n is divided by v?
11
What is the remainder when (8/20)/((-3)/(-180)) is divided by (-2)/14 - 36/(-7)?
4
Suppose 5*y - 69 = 4*y. Suppose 0 = -y*r + 72*r - 45. Calculate the remainder when 29 is divided by r.
14
Let t be 0 + -3*2/(-6). Suppose l + 32 = -4*y, 3*l = 2*y - 86 + 18. What is the remainder when 2/(20/l + t) is divided by 5?
2
Suppose 2*r - 3 = 111. Suppose 0*f + 3*j = -5*f - 105, -3*f = 3*j + r. What is the remainder when 46 is divided by (f/20)/((-3)/40)?
14
Let j(x) = x**3 - 25*x**2 + 55*x - 13. Calculate the remainder when j(23) is divided by 50.
44
Let p(d) = d - 6*d + d**2 + 2*d + 2*d - 10. Calculate the remainder when 78 is divided by p(-5).
18
Suppose -3*j + 5*k + 40 = 0, 5*j - 31*k - 70 = -26*k. What is the remainder when 44 is divided by j?
14
Let z be ((-24)/18)/(2 - (-672)/(-333)). Suppose 6*x - z = -14. Let d = 133 - 84. Calculate the remainder when d is divided by x.
9
Suppose 16 = 4*s, -4*f - 3*s = -2*s - 200. Calculate the remainder when f is divided by 13.
10
Suppose -3057 = 6*j - 3297. Suppose -25 = 5*d, 0*d = -5*u - 2*d. Suppose 0 = -u*g + 21 + 1. What is the remainder when j is divided by g?
7
Let d(o) = 2*o**2 + 1. Let w be d(3). Let x = -47 + w. Let j = -26 - x. Calculate the remainder when 7 is divided by j.
1
Let i be 1 + 1 - (2 + 60). Let g = 107 + i. Let h = g - 32. What is the remainder when 58 is divided by h?
13
Let r = 7 - 33. What is the remainder when (r/(-8) + -2)*12 is divided by 4?
3
Suppose -2*s = s - 27. Suppose -2*a = -a. Let c(d) = 4*d + 3. Calculate the remainder when s is divided by c(a).
0
Let f(v) = -68*v + 19. Calculate the remainder when f(-4) is divided by 74.
69
What is the remainder when (14/21)/((-8)/(-6))*408 is divided by 31?
18
Let m(r) = r**3 - 24*r**2 + 25*r + 19. What is the remainder when 257 is divided by m(23)?
62
Let n = 799 - 767. Suppose 0 = 5*p + 5*k + 70, 3*p - k = 7*p + 50. Calculate the remainder when n is divided by 2/8 - 213/p.
14
Suppose 4*c - d - 4 = 0, 5*d - 14 = c + 4. Suppose b - 5*k + 13 = -0*k, c*b + 5*k - 49 = 0. What is the remainder when 82 is divided by b?
10
Let b = 14 - 22. Let a(x) = -5*x - 9. Calculate the remainder when a(b) is divided by 9.
4
Let d(r) = -r**2 - 7*r + 376. Suppose p - 28 + 9 = 0. Calculate the remainder when p is divided by d(16).
3
Suppose 178*r - 184*r + 192 = 0. Calculate the remainder when r is divided by 11.
10
Suppose 22*o - 24*o = -238. Calculate the remainder when o is divided by 12.
11
Let q = 28 + -6. Suppose 2*u + 2*u = -132. Calculate the remainder when 14 is divided by (-8)/3*u/q.
2
Let k(d) = d**3 - 2*d**2 - 4*d + 5. Suppose -5*p - a = -627, -2*p - p + a + 373 = 0. Suppose 5*b = p - 20. Calculate the remainder when k(5) is divided by b.
18
Calculate the remainder when (141/(-18) + -2)*(-7 + 1) is divided by 10.
9
Let b = -712 + 747. Suppose -2*o + 29 = -2*j - 63, -5*j - 38 = -o. Suppose 5*m - m - o = 0. What is the remainder when b is divided by m?
11
Suppose 27*j + 480 = 32*j. Suppose t - j = -2*t. What is the remainder when 124 is divided by t?
28
Let t(i) = -17*i**3 - 2*i**2 - 4*i - 3. Let d = -3 + 40. Suppose 139 = 3*w + d. What is the remainder when t(-2) is divided by w?
31
Let q(s) = -2*s**2 - 21*s + 10. Calculate the remainder when 69 is divided by q(-9).
32
Suppose -f = 5*h - 3, 2*h = 6*h. Suppose 2*d = -4*o - 0*d - 18, -f*d - 21 = 4*o. What is the remainder when 27 is divided by (18*-1)/o + 1?
6
Let l be (-30)/20*(-1)/3*302. Let m = l + -98. What is the remainder when m is divided by 19?
15
Let t = -258 + 272. Suppose -7*f + 160 = -3*f. What is the remainder when f is divided by t?
12
Calculate the remainder when 44 is divided by -3 + 13 + 30/6.
14
What is the remainder when (-5029)/188*(-8)/2 is divided by 32?
11
Suppose 29*a - 2*n = 24*a + 100, -a + 23 = -n. Calculate the remainder when 29 is divided by a.
11
Let v(f) = 25*f**2 + 20*f + 15. Calculate the remainder when v(-5) is divided by 34.
30
Let h(q) = 2*q**2 - 13*q + 9. Let m be h(5). Calculate the remainder when 19 is divided by (-1)/(8/m + 1) + 4.
5
Suppose p = 12 + 13. Suppose 0 = 4*o + 3*l - 68, o + 25*l - 28*l = 2. Calculate the remainder when 2*p*(-3)/(-6) is divided by o.
11
Let v(x) be the second derivative of x**4/12 + 2*x**3/3 - 3*x**2/2 - x. Suppose 268*g = 270*g + 16. Calculate the remainder when v(g) is divided by 10.
9
Suppose -3*x + 36 = 3*b, 0 = -0*x + 5*x + 5. Calculate the remainder when b is divided by ((-12)/14)/((-36)/126).
1
Suppose 5*z - 488 = -18*o + 19*o, 188 = 2*z + 2*o. What is the remainder when z is divided by 17?
12
Let y(f) = f - 2. Let i(g) = -g + 3. Let w(z) = 6*i(z) + 5*y(z). What is the remainder when 62 is divided by w(-8)?
14
Suppose 4*u = u + 174. Suppose 0 = 2*f + 2*i - 354, 4*f - 735 = 4*i + i. Suppose -10*r = -r - f. What is the remainder when u is divided by r?
18
Suppose -4*h - 3*i = -59, 3*h - i - 41 = -0*i. Suppose 418 = h*x + 54. Let c = -12 - -115. What is the remainder when c is divided by x?
25
Suppose -x - 4*k - 9 = 0, -5*x + 2*k = -0*x - 21. Suppose u + 1 = x*n, -5*n + 4 - 13 = -3*u. Calculate the remainder when 79 is divided by u.
7
Suppose -64*w = -31*w - 3597. Calculate the remainder when w is divided by 29.
22
Let r(f) = -8 + f**2 - 2*f + 2 + 6*f. What is the remainder when (-201)/(-12) - (-9)/(-12) is divided by r(-6)?
4
Suppose -3*p - 2*s + 24 + 139 = 0, 0 = 3*p + 5*s - 178. Let u(c) = c + 2. Let y be u(0). Suppose y*d - p = -d. What is the remainder when 31 is divided by d?
14
Suppose 0 = -11*c + 5*c + 282. What is the remainder when c is divided by 3?
2
Let l = 602 - 408. What is the remainder when l is divided by 52?
38
Let w(z) = z**2 + 9*z + 2. Let v = -24 + 13. Let k be w(v). Calculate the remainder when 16 is divided by ((-6)/k)/((-3)/60).
1
Suppose -24 = -p - 67. Let l = 54 + p. Calculate the remainder when 76 is divided by l.
10
What is the remainder when 326/6 + -2*2/12 is divided by 16?
6
Suppose 10*r + 82 = 12*r. What is the remainder when (-6)/75 - (-11862)/150 is divided by r?
38
Suppose -j + 325 = 5*h + j, 3*h + j = 194. Suppose -2*d + h = -27. Suppose -d = -4*a + 63. Calculate the remainder when a is divided by 14.
13
Suppose 33*w + 756 = 40*w. What is the remainder when w is divided by 41?
26
What is the remainder when 2/3 - (-178)/3 is divided by (-55 - -59)/(1/4)?
12
Suppose 36*u = 323 + 469. Calculate the remainder when 174 is divided by u.
20
Let v(t) be the first derivative of 2*t**3/3 + 3*t**2/2 + 7. Let a be v(-2). Let f(n) = n + 2. What is the remainder when 7 is divided by f(a)?
3
What is the remainder when 5 + 0 + -105*12/(-9) is divided by 10?
5
Let p = -124 + 129. Suppose 0 = -0*l - 4*l - 20, p*y = 2*l + 195. Calculate the remainder when 221 is divided by y.
36
Let i = 291 + -178. Calculate the remainder when i is divided by 19.
18
Let h(c) = -33*c - 10. Suppose -6*t + 299 + 76 - 105 = 0. What is the remainder when h(-7) is divided by t?
41
Let a be 33/(-22)*(-14)/3. Suppose -5*m + a*m 